alse
Let l be (-23)/(-3) + (-6)/9. Is (0 + 0 - -1)*l a composite number?
False
Suppose 3*h - 2 = 2*h. Suppose p = -0*p - h. Is 3 - 254*p/2 prime?
True
Let q be (-2*(-1)/2)/1. Suppose 60 - q = c. Is c a prime number?
True
Suppose 0 = d - 5*d + 96. Let z be d/10 + (-4)/10. Suppose 5*t - z*t = 99. Is t prime?
False
Let d = -668 + 1195. Is d a composite number?
True
Suppose 254 = 4*d - 3*i, -d + 3*i = 2*i - 64. Suppose -192 - d = -2*b. Is b prime?
True
Suppose 5*u - 4 = 6. Suppose -8 = -g - 3*g. Suppose 5*q + g*k - 421 = k, 0 = -3*q - u*k + 247. Is q prime?
False
Let x(j) = -48*j - 4. Let z be x(-5). Suppose -2*t = 3*w - 177, 0*w + 4*w = -t + z. Is w composite?
False
Suppose d - 3739 = -3*k - 3*d, 1258 = k - d. Is k a composite number?
True
Let w = 143 - 90. Suppose r + 0*r = w. Is r a composite number?
False
Suppose -4*f + 2 = -4*u + 6, u + 3 = -f. Let i be u/(-2) + 20/8. Is (-42)/(-4) - i/6 a prime number?
False
Let y = 23 + -35. Is (2/(-2))/(y/3612) a composite number?
True
Suppose -3*i - 55 = -4*i. Let u(p) = -36*p. Let l be u(-2). Let q = l + i. Is q a composite number?
False
Let x = 7 + -4. Suppose 0 = x*w + 2*w - 20. Suppose -w*t + 30 = -2*t. Is t a prime number?
False
Let t = -4 - -3. Let b = 0 + t. Is (b/(-3))/(1/57) prime?
True
Let d = 9 + 5. Let f be 702/7 - d/49. Let w = -41 + f. Is w a prime number?
True
Suppose -8*x + 5013 = -5*x. Is x a composite number?
True
Let p = 3 + 0. Suppose 0 = -3*c + x + 139, -x = -p*c + c + 94. Let z = c + -26. Is z prime?
True
Let z(o) = 2*o**2 + 13*o - 16. Is z(9) prime?
True
Suppose 5*j - 1459 = -3*c, 5*c - 50 = -j + 255. Suppose 5*k - 3*k - j = 0. Is k a composite number?
True
Let c(t) = -t**2 + 7*t - 1. Suppose 4*i - 6 = -5*h + 24, -5*h - 3*i + 30 = 0. Let l be c(h). Let n(w) = -w**3 + 6*w**2 + 4*w + 4. Is n(l) a composite number?
True
Let n = 338 - -331. Is n a composite number?
True
Let p(u) = 0*u + 20*u + 11*u. Suppose -2*f + 2 = 10, d + 5*f + 19 = 0. Is p(d) a composite number?
False
Let c = -209 - -910. Is c a prime number?
True
Let s = 1181 + -2856. Let d = -854 - s. Is d a prime number?
True
Let w = -966 - -3155. Is w prime?
False
Suppose 7*o - 3*o = -2132. Let p = o - -1114. Is p a prime number?
False
Let m(l) = 2*l**2 - 3*l**2 + 2*l**2 + 6 - 3*l + 0*l**2. Is m(4) a composite number?
True
Let k be (6/4)/((-3)/4). Let y = -7 - -13. Is 330/9 - k/y a composite number?
False
Let h = 102 - -59. Is h a composite number?
True
Let b be (-36)/(-54) - 886/(-3). Let q = b - -237. Is q a composite number?
True
Let z = -1020 + 1489. Is z prime?
False
Suppose -s + 29 = -5*x - 15, 0 = -2*x + s - 20. Is (-2)/x + 1813/28 prime?
False
Let v = 3 - 3. Let m(p) = p**3 - p**2 - p + 377. Is m(v) composite?
True
Suppose 31 = 3*v + 112. Let m = v + 85. Is m a prime number?
False
Suppose -7*l = -11*l + 852. Is l a composite number?
True
Let j(v) = v**3 + 4*v**2 + 4*v + 7. Let b be j(-5). Is 1/((-1)/b*2) a prime number?
True
Let v = 1999 + -1350. Is v a composite number?
True
Suppose 3*j = j - b + 3317, 0 = 5*b - 15. Is j a composite number?
False
Let x = -11 + -100. Suppose 4 - 1 = -3*y. Is 2/(6/x*y) composite?
False
Is (0 - -2)*(-331)/(-2) a prime number?
True
Suppose 0 = 2*m - m. Is 1 + m - 2*-7 composite?
True
Let h(d) = 30*d**2 + 3. Is h(-5) composite?
True
Suppose -2*x + 5*x + 45 = 0. Is (415/x)/((-2)/6) prime?
True
Let d = 97 + -43. Let y = 11 + d. Is y prime?
False
Let w = -466 - -251. Let i = 552 + w. Is i a prime number?
True
Suppose 0 = -4*u - 0 + 4. Let g(w) = -u + 13*w + 0 + 0. Is g(2) prime?
False
Let f be ((-2)/3)/((-4)/(-42)). Is (-1160)/f + 8/28 a composite number?
True
Let x be 1515/(-7) + (-18)/(-42). Let n = x + 395. Is n a composite number?
False
Let p(x) = -3*x**3 + x**2 - 1. Let n be p(1). Is (78/n)/((-2)/5) a composite number?
True
Suppose 4*f - 4*a = 10 + 142, -3*a - 3 = 0. Is f a prime number?
True
Let u(h) = -h**2 - h - 1. Let p(g) = 29*g**2 + 6*g + 4. Let n(d) = p(d) + 5*u(d). Suppose 4*a = -2*q + 20 - 4, -8 = 2*a - 3*q. Is n(a) prime?
True
Let o be 6/(-15) - 396/10. Let k = o + 109. Suppose -3*l + k + 24 = 0. Is l prime?
True
Suppose -4*a = -2*a + 6. Let y = -2 + -12. Let q = a - y. Is q a composite number?
False
Suppose w - 3*w + 68 = -4*o, -2*o - 34 = -3*w. Let f = -12 - o. Suppose 5*s - 55 = -2*m, 20 = -m + 4*m - f*s. Is m a prime number?
False
Suppose -5*q + 4468 = -1117. Is q a composite number?
False
Let b(k) = -k**3 - k**2 - k + 245. Let v be b(0). Suppose 2*n - y - 3*y = 174, -3*n = 2*y - v. Is n a prime number?
True
Let k(a) = 3*a**2 + a - 4. Let h be k(-11). Suppose 937 = 5*n - h. Is n composite?
False
Let q = 617 - 290. Is q a composite number?
True
Suppose 2*c - 12 = 4*c. Is (-62)/(-4) + c/4 a composite number?
True
Suppose q + 0*q - 4*y - 68 = 0, -2*q - y = -172. Let v = q + -5. Is v composite?
False
Let h(c) = -c**3 + 4*c**2 + 6*c - 3. Let o be h(5). Suppose -o*z + i + 135 = 0, 0*i - i = -4*z + 269. Is z composite?
False
Let w(m) = -26*m + 5. Let h(q) = -4*q - 8. Let c be h(-9). Suppose 4*x + c = 4. Is w(x) prime?
False
Let i(m) = 1 + 3 - 5 + 156*m**2 + 0. Let n = 0 + 1. Is i(n) a prime number?
False
Suppose 0 = -5*f - 2*j - 2*j + 16, 2*f + j = 4. Suppose 22 = 5*g - x + 5*x, 4*x - 12 = f. Suppose -m - 4*u = -45 - 44, 4*u = -g*m + 166. Is m composite?
True
Let o be (-4)/(-16) - (-1)/(-4). Suppose o*a = a. Suppose -3*m - 3 = a, 5*m + 77 = 5*x + 3*m. Is x a composite number?
True
Suppose 4*g - 3*g + 4*v - 8 = 0, -2 = -5*g - v. Let q(o) = -o**2 - o + 816. Let w be q(g). Suppose 10*d = 7*d - 5*x + 494, 5*d + x - w = 0. Is d prime?
True
Let p(g) = 8*g**3 + 5*g**2 + g - 4. Let n(b) = -41*b**3 - 25*b**2 - 5*b + 21. Let a(u) = -2*n(u) - 11*p(u). Is a(-3) a prime number?
False
Let w(l) = 7*l + 1. Let h be w(-1). Is (28/h)/((-2)/21) prime?
False
Let n(l) = -8*l - 1. Let v(o) = -o**2 - 3*o - 3. Let c be v(-3). Is n(c) prime?
True
Let o be 9/(-4)*36/(-27). Suppose -189 = 3*f - o*b - 588, 3*b = -2*f + 256. Is f a composite number?
False
Let t = -7149 - -12772. Is t a prime number?
True
Suppose -17 = -4*v + 39. Suppose 2*y + 1 = -m, -4*m + v = -2*y + y. Is 15 - 0 - (0 - y) prime?
True
Let b be 506 + 3/(-6)*4. Let m = -239 + b. Is m prime?
False
Suppose -m + 6 - 4 = 0. Suppose 406 = h - 4*z, -3*h = -6*h + m*z + 1258. Suppose 2*n = -0*n + h. Is n prime?
True
Let f(a) = 18*a + 8. Let z be 12*1 + 14/(-7). Let q be f(z). Suppose q = 4*b + 3*r, b + 2*r = -0*b + 47. Is b composite?
False
Let a(v) be the third derivative of 7*v**5/60 + 7*v**4/24 + v**3/2 - v**2. Is a(-5) composite?
True
Suppose 4 = 3*u - u. Suppose 73 = u*t - t. Suppose d - 2*d = 5*w - t, -5*d + 253 = -3*w. Is d a composite number?
False
Suppose 2*n = 924 - 338. Is n composite?
False
Let f(m) = m + 3. Let p be f(-4). Let y = p - -3. Suppose -y*o = o + i - 57, -76 = -4*o + 3*i. Is o a composite number?
False
Suppose 0 = -3*s + 726 - 93. Is s a composite number?
False
Let f(j) = -2*j + 7. Is f(-3) composite?
False
Let q(w) = 260*w + 1. Is q(2) prime?
True
Suppose -8970 = -w - 4*w. Is w/5 - (-8)/40 a prime number?
True
Let t = -183 - -370. Is t a composite number?
True
Suppose -1587 = 6*w - 9729. Is w a prime number?
False
Let r = 1 - -3. Suppose -3*t + 291 = r*a, t + 8 = 3*a + 105. Let o = -30 + t. Is o prime?
True
Suppose -15 = 4*s - 9*s. Is 163/s + (-12)/(-18) a composite number?
True
Let l = 9 - 3. Is (4/l)/(6/99) prime?
True
Let m(x) = -x - 4. Let d be m(-7). Suppose 5*t - 195 = s + s, 3*s + d*t = -303. Let q = s + 191. Is q prime?
False
Let s(n) be the third derivative of -n**4/24 + n**3/2 + 2*n**2. Is s(-4) composite?
False
Let i(v) = -v + 7. Let z(q) = -1. Let p(l) = i(l) + 3*z(l). Let a be p(4). Suppose -3*y + 2*m + 40 = a, 5*m - 2*m = -y + 17. Is y a composite number?
True
Let z(f) = f**2 + 1. Let c(k) = -k**3 - k. Let b(a) = c(a) - 3*z(a). Is b(-10) a composite number?
True
Let n = 200 - -243. Is n a composite number?
False
Let t be (-5)/(-1) - 0/(-3). Suppose d + 4 = t*d. Let u = d + 120. Is u a composite number?
True
Let i be (16/10)/((-1)/(-3345)). Suppose -3*l + 0*l = i. Is (2/(-4))/(4/l) composite?
False
Is (-3 - 1) + 4 - -37 a prime number?
True
Let x = 1667 + -301. Is x a prime number?
False
Is (-8)/(0 + -2) - (-244 - 6) composite?
True
Let h = -15 - -18. Suppose -h*r = r - 356. Is r a prime number?
True
Suppose 0